{"id":1451,"date":"2021-02-15T17:35:41","date_gmt":"2021-02-15T17:35:41","guid":{"rendered":"https:\/\/gud-zwingenberg.de\/?page_id=1451"},"modified":"2021-02-15T17:38:38","modified_gmt":"2021-02-15T17:38:38","slug":"monika-kuntz","status":"publish","type":"page","link":"https:\/\/gud-zwingenberg.de\/?page_id=1451","title":{"rendered":"Monika Kuntz"},"content":{"rendered":"\n<div class=\"wp-block-image\"><figure class=\"alignleft size-large\"><img loading=\"lazy\" decoding=\"async\" width=\"377\" height=\"340\" data-attachment-id=\"1482\" data-permalink=\"https:\/\/gud-zwingenberg.de\/?attachment_id=1482\" data-orig-file=\"https:\/\/gud-zwingenberg.de\/wp-content\/uploads\/2021\/02\/Monika-Kuntz.png\" data-orig-size=\"377,340\" data-comments-opened=\"0\" data-image-meta=\"{&quot;aperture&quot;:&quot;0&quot;,&quot;credit&quot;:&quot;&quot;,&quot;camera&quot;:&quot;&quot;,&quot;caption&quot;:&quot;&quot;,&quot;created_timestamp&quot;:&quot;0&quot;,&quot;copyright&quot;:&quot;&quot;,&quot;focal_length&quot;:&quot;0&quot;,&quot;iso&quot;:&quot;0&quot;,&quot;shutter_speed&quot;:&quot;0&quot;,&quot;title&quot;:&quot;&quot;,&quot;orientation&quot;:&quot;0&quot;}\" data-image-title=\"Monika Kuntz\" data-image-description=\"\" data-image-caption=\"\" data-medium-file=\"https:\/\/gud-zwingenberg.de\/wp-content\/uploads\/2021\/02\/Monika-Kuntz-300x271.png\" data-large-file=\"https:\/\/gud-zwingenberg.de\/wp-content\/uploads\/2021\/02\/Monika-Kuntz.png\" src=\"https:\/\/gud-zwingenberg.de\/wp-content\/uploads\/2021\/02\/Monika-Kuntz.png\" alt=\"\" class=\"wp-image-1482\" srcset=\"https:\/\/gud-zwingenberg.de\/wp-content\/uploads\/2021\/02\/Monika-Kuntz.png 377w, https:\/\/gud-zwingenberg.de\/wp-content\/uploads\/2021\/02\/Monika-Kuntz-300x271.png 300w\" sizes=\"auto, (max-width: 377px) 100vw, 377px\" \/><\/figure><\/div>\n\n\n\n<p>In Mannheim geboren, von Beruf Kauffrau und jetzt im Ruhestand. 2019 habe ich die B\u00fcrgerinitiative \u201eStra\u00dfenbeitragsfreies Zwingenberg\u201c gegr\u00fcndet. \u00dcber unser ehrenamtliches Engagement sind wir mit vielen B\u00fcrgerinnen und B\u00fcrgern in Kontakt gekommen und gemeinsam waren wir als Team erfolgreich. So wurde mein Interesse f\u00fcr die Politik geweckt. Seit 2008 lebe ich gern in Zwingenberg und setze mich daf\u00fcr ein, dass es weiterhin eine lebendige, lebenswerte und vielf\u00e4ltige Stadt bleibt und nicht zu einer reinen Wohnstadt wird. Die \u201eGr\u00fcne Oasen\u201c (Kleing\u00e4rten) m\u00fcssen erhalten bleiben, daf\u00fcr m\u00f6chte ich meinen Beitrag leisten. Bei den wichtigen Themen bin ich f\u00fcr eine st\u00e4rkere Einbindung aller B\u00fcrgerinnen und B\u00fcrger, besonders unserer Seniorinnen und Senioren.<\/p>\n","protected":false},"excerpt":{"rendered":"<p>In Mannheim geboren, von Beruf Kauffrau und jetzt im Ruhestand. 2019 habe ich die B\u00fcrgerinitiative \u201eStra\u00dfenbeitragsfreies Zwingenberg\u201c gegr\u00fcndet. \u00dcber unser ehrenamtliches Engagement sind wir mit vielen B\u00fcrgerinnen und B\u00fcrgern in Kontakt gekommen und gemeinsam waren wir als Team erfolgreich. So wurde mein Interesse f\u00fcr die Politik geweckt. Seit 2008 lebe ich gern in Zwingenberg und &hellip; <a href=\"https:\/\/gud-zwingenberg.de\/?page_id=1451\" class=\"more-link\"><span class=\"screen-reader-text\">Monika Kuntz<\/span> weiterlesen<\/a><\/p>\n","protected":false},"author":2,"featured_media":0,"parent":120,"menu_order":0,"comment_status":"closed","ping_status":"closed","template":"","meta":{"footnotes":""},"class_list":["post-1451","page","type-page","status-publish","hentry"],"jetpack_sharing_enabled":true,"jetpack_shortlink":"https:\/\/wp.me\/P7BMaa-np","jetpack-related-posts":[],"_links":{"self":[{"href":"https:\/\/gud-zwingenberg.de\/index.php?rest_route=\/wp\/v2\/pages\/1451","targetHints":{"allow":["GET"]}}],"collection":[{"href":"https:\/\/gud-zwingenberg.de\/index.php?rest_route=\/wp\/v2\/pages"}],"about":[{"href":"https:\/\/gud-zwingenberg.de\/index.php?rest_route=\/wp\/v2\/types\/page"}],"author":[{"embeddable":true,"href":"https:\/\/gud-zwingenberg.de\/index.php?rest_route=\/wp\/v2\/users\/2"}],"replies":[{"embeddable":true,"href":"https:\/\/gud-zwingenberg.de\/index.php?rest_route=%2Fwp%2Fv2%2Fcomments&post=1451"}],"version-history":[{"count":2,"href":"https:\/\/gud-zwingenberg.de\/index.php?rest_route=\/wp\/v2\/pages\/1451\/revisions"}],"predecessor-version":[{"id":1486,"href":"https:\/\/gud-zwingenberg.de\/index.php?rest_route=\/wp\/v2\/pages\/1451\/revisions\/1486"}],"up":[{"embeddable":true,"href":"https:\/\/gud-zwingenberg.de\/index.php?rest_route=\/wp\/v2\/pages\/120"}],"wp:attachment":[{"href":"https:\/\/gud-zwingenberg.de\/index.php?rest_route=%2Fwp%2Fv2%2Fmedia&parent=1451"}],"curies":[{"name":"wp","href":"https:\/\/api.w.org\/{rel}","templated":true}]}}