{"id":1453,"date":"2021-02-14T21:02:30","date_gmt":"2021-02-14T21:02:30","guid":{"rendered":"https:\/\/gud-zwingenberg.de\/?page_id=1453"},"modified":"2021-02-15T17:37:46","modified_gmt":"2021-02-15T17:37:46","slug":"wolfgang-lehrian","status":"publish","type":"page","link":"https:\/\/gud-zwingenberg.de\/?page_id=1453","title":{"rendered":"Wolfgang Lehrian"},"content":{"rendered":"\n<div class=\"wp-block-image\"><figure class=\"alignright size-large\"><img loading=\"lazy\" decoding=\"async\" width=\"334\" height=\"358\" data-attachment-id=\"1357\" data-permalink=\"https:\/\/gud-zwingenberg.de\/?attachment_id=1357\" data-orig-file=\"https:\/\/gud-zwingenberg.de\/wp-content\/uploads\/2021\/02\/Wolfgang.png\" data-orig-size=\"334,358\" data-comments-opened=\"0\" data-image-meta=\"{&quot;aperture&quot;:&quot;0&quot;,&quot;credit&quot;:&quot;&quot;,&quot;camera&quot;:&quot;&quot;,&quot;caption&quot;:&quot;&quot;,&quot;created_timestamp&quot;:&quot;0&quot;,&quot;copyright&quot;:&quot;&quot;,&quot;focal_length&quot;:&quot;0&quot;,&quot;iso&quot;:&quot;0&quot;,&quot;shutter_speed&quot;:&quot;0&quot;,&quot;title&quot;:&quot;&quot;,&quot;orientation&quot;:&quot;0&quot;}\" data-image-title=\"Wolfgang\" data-image-description=\"\" data-image-caption=\"\" data-medium-file=\"https:\/\/gud-zwingenberg.de\/wp-content\/uploads\/2021\/02\/Wolfgang-280x300.png\" data-large-file=\"https:\/\/gud-zwingenberg.de\/wp-content\/uploads\/2021\/02\/Wolfgang.png\" src=\"https:\/\/gud-zwingenberg.de\/wp-content\/uploads\/2021\/02\/Wolfgang.png\" alt=\"\" class=\"wp-image-1357\" srcset=\"https:\/\/gud-zwingenberg.de\/wp-content\/uploads\/2021\/02\/Wolfgang.png 334w, https:\/\/gud-zwingenberg.de\/wp-content\/uploads\/2021\/02\/Wolfgang-280x300.png 280w\" sizes=\"auto, (max-width: 334px) 100vw, 334px\" \/><\/figure><\/div>\n\n\n\n<p>63 Jahre, 3 erwachsene Kinder, Diplom-Ingenieur Elektrotechnik, Trainer f\u00fcr Prozessautomatisierung. In Zwingenberg geboren und aufgewachsen. Beruflich die ganze Welt bereist, aber immer wieder nach Zwingenberg zur\u00fcckgekehrt. Mit offenen Augen durch Zwingenberg gehen, sehen, was gebraucht wird und das Ganze sachlich umsetzen, daf\u00fcr will ich mich einsetzen. Zwingenberg ist meine Heimatstadt, sie ist es wert, dass man sich sorgf\u00e4ltig in allen Belangen um sie k\u00fcmmert.<\/p>\n","protected":false},"excerpt":{"rendered":"<p>63 Jahre, 3 erwachsene Kinder, Diplom-Ingenieur Elektrotechnik, Trainer f\u00fcr Prozessautomatisierung. In Zwingenberg geboren und aufgewachsen. Beruflich die ganze Welt bereist, aber immer wieder nach Zwingenberg zur\u00fcckgekehrt. Mit offenen Augen durch Zwingenberg gehen, sehen, was gebraucht wird und das Ganze sachlich umsetzen, daf\u00fcr will ich mich einsetzen. Zwingenberg ist meine Heimatstadt, sie ist es wert, dass &hellip; <a href=\"https:\/\/gud-zwingenberg.de\/?page_id=1453\" class=\"more-link\"><span class=\"screen-reader-text\">Wolfgang Lehrian<\/span> weiterlesen<\/a><\/p>\n","protected":false},"author":2,"featured_media":0,"parent":120,"menu_order":0,"comment_status":"closed","ping_status":"closed","template":"","meta":{"footnotes":""},"class_list":["post-1453","page","type-page","status-publish","hentry"],"jetpack_sharing_enabled":true,"jetpack_shortlink":"https:\/\/wp.me\/P7BMaa-nr","jetpack-related-posts":[],"_links":{"self":[{"href":"https:\/\/gud-zwingenberg.de\/index.php?rest_route=\/wp\/v2\/pages\/1453","targetHints":{"allow":["GET"]}}],"collection":[{"href":"https:\/\/gud-zwingenberg.de\/index.php?rest_route=\/wp\/v2\/pages"}],"about":[{"href":"https:\/\/gud-zwingenberg.de\/index.php?rest_route=\/wp\/v2\/types\/page"}],"author":[{"embeddable":true,"href":"https:\/\/gud-zwingenberg.de\/index.php?rest_route=\/wp\/v2\/users\/2"}],"replies":[{"embeddable":true,"href":"https:\/\/gud-zwingenberg.de\/index.php?rest_route=%2Fwp%2Fv2%2Fcomments&post=1453"}],"version-history":[{"count":2,"href":"https:\/\/gud-zwingenberg.de\/index.php?rest_route=\/wp\/v2\/pages\/1453\/revisions"}],"predecessor-version":[{"id":1455,"href":"https:\/\/gud-zwingenberg.de\/index.php?rest_route=\/wp\/v2\/pages\/1453\/revisions\/1455"}],"up":[{"embeddable":true,"href":"https:\/\/gud-zwingenberg.de\/index.php?rest_route=\/wp\/v2\/pages\/120"}],"wp:attachment":[{"href":"https:\/\/gud-zwingenberg.de\/index.php?rest_route=%2Fwp%2Fv2%2Fmedia&parent=1453"}],"curies":[{"name":"wp","href":"https:\/\/api.w.org\/{rel}","templated":true}]}}