{"id":181,"date":"2016-04-04T23:27:30","date_gmt":"2016-04-04T21:27:30","guid":{"rendered":"http:\/\/diskstation\/wordpress\/?page_id=181"},"modified":"2021-02-14T21:25:19","modified_gmt":"2021-02-14T21:25:19","slug":"nicola-spaeth","status":"publish","type":"page","link":"https:\/\/gud-zwingenberg.de\/?page_id=181","title":{"rendered":"Nicola Sp\u00e4th"},"content":{"rendered":"\n<figure class=\"wp-block-image\"><img loading=\"lazy\" decoding=\"async\" width=\"300\" height=\"200\" data-attachment-id=\"550\" data-permalink=\"https:\/\/gud-zwingenberg.de\/?attachment_id=550\" data-orig-file=\"https:\/\/gud-zwingenberg.de\/wp-content\/uploads\/2016\/04\/012402_091103_2757-e1467221004543.jpg\" data-orig-size=\"800,532\" data-comments-opened=\"0\" data-image-meta=\"{&quot;aperture&quot;:&quot;5&quot;,&quot;credit&quot;:&quot;Uwe Noelke&quot;,&quot;camera&quot;:&quot;NIKON D3&quot;,&quot;caption&quot;:&quot;MACS Management \\u0026amp; Consulting Service GmbH, 03.11.2009  (c) Uwe N\\u009alke MENSCHENfotografie, Brunnenweg 21, D-61476 Kronberg, Tel: +49 6173 32 14 13, Mobil: +49 173 70 85 885, Email: uwe@noelke.com, Internet: www.menschenfotografie.de&quot;,&quot;created_timestamp&quot;:&quot;1257263562&quot;,&quot;copyright&quot;:&quot;Uwe Noelke&quot;,&quot;focal_length&quot;:&quot;105&quot;,&quot;iso&quot;:&quot;1000&quot;,&quot;shutter_speed&quot;:&quot;0.008&quot;,&quot;title&quot;:&quot;&quot;,&quot;orientation&quot;:&quot;1&quot;}\" data-image-title=\"012402_091103_2757\" data-image-description=\"\" data-image-caption=\"&lt;p&gt;MACS Management &amp;amp; Consulting Service GmbH, 03.11.2009  (c) Uwe N\u009alke MENSCHENfotografie, Brunnenweg 21, D-61476 Kronberg, Tel: +49 6173 32 14 13, Mobil: +49 173 70 85 885, Email: uwe@noelke.com, Internet: www.menschenfotografie.de&lt;\/p&gt;\n\" data-medium-file=\"https:\/\/gud-zwingenberg.de\/wp-content\/uploads\/2016\/04\/012402_091103_2757-300x200.jpg\" data-large-file=\"https:\/\/gud-zwingenberg.de\/wp-content\/uploads\/2016\/04\/012402_091103_2757-1024x681.jpg\" src=\"http:\/\/gud-zwingenberg.de\/wp-content\/uploads\/2016\/04\/012402_091103_2757-300x200.jpg\" alt=\"MACS Management &amp; Consulting Service GmbH, 03.11.2009  (c) Uwe N\u009alke MENSCHENfotografie, Brunnenweg 21, D-61476 Kronberg, Tel: +49 6173 32 14 13, Mobil: +49 173 70 85 885, Email: uwe@noelke.com, Internet: www.menschenfotografie.de\" class=\"wp-image-550\"\/><\/figure>\n\n\n\n<p>Nicola Sp\u00e4th, 61 Jahre, ein erwachsenes Kind, Kunsthistorikerin und kaufm\u00e4nnische Ange- stellte. Seit \u00fcber 20 Jahren wohne ich in Rodau und bin im Sportverein aktiv. Ich bin ehrenamtlich auch als Hilfssch\u00f6ffin t\u00e4tig. Der GUD bin ich seit 1997 verbunden und war in der vergangenen Legisla- turperiode Mitglied des Sozial-, Kultur- und Sportausschuss. Ich m\u00f6chte mich insbesondere f\u00fcr Denkmal-, Stadtensemble-, Umwelt- und Artenschutz, auch in Rodau, einsetzen.<\/p>\n","protected":false},"excerpt":{"rendered":"<p>Nicola Sp\u00e4th, 61 Jahre, ein erwachsenes Kind, Kunsthistorikerin und kaufm\u00e4nnische Ange- stellte. Seit \u00fcber 20 Jahren wohne ich in Rodau und bin im Sportverein aktiv. Ich bin ehrenamtlich auch als Hilfssch\u00f6ffin t\u00e4tig. Der GUD bin ich seit 1997 verbunden und war in der vergangenen Legisla- turperiode Mitglied des Sozial-, Kultur- und Sportausschuss. Ich m\u00f6chte mich &hellip; <a href=\"https:\/\/gud-zwingenberg.de\/?page_id=181\" class=\"more-link\"><span class=\"screen-reader-text\">Nicola Sp\u00e4th<\/span> weiterlesen<\/a><\/p>\n","protected":false},"author":2,"featured_media":0,"parent":0,"menu_order":0,"comment_status":"closed","ping_status":"closed","template":"","meta":{"footnotes":""},"class_list":["post-181","page","type-page","status-publish","hentry"],"jetpack_sharing_enabled":false,"jetpack_shortlink":"https:\/\/wp.me\/P7BMaa-2V","jetpack-related-posts":[],"_links":{"self":[{"href":"https:\/\/gud-zwingenberg.de\/index.php?rest_route=\/wp\/v2\/pages\/181","targetHints":{"allow":["GET"]}}],"collection":[{"href":"https:\/\/gud-zwingenberg.de\/index.php?rest_route=\/wp\/v2\/pages"}],"about":[{"href":"https:\/\/gud-zwingenberg.de\/index.php?rest_route=\/wp\/v2\/types\/page"}],"author":[{"embeddable":true,"href":"https:\/\/gud-zwingenberg.de\/index.php?rest_route=\/wp\/v2\/users\/2"}],"replies":[{"embeddable":true,"href":"https:\/\/gud-zwingenberg.de\/index.php?rest_route=%2Fwp%2Fv2%2Fcomments&post=181"}],"version-history":[{"count":6,"href":"https:\/\/gud-zwingenberg.de\/index.php?rest_route=\/wp\/v2\/pages\/181\/revisions"}],"predecessor-version":[{"id":1467,"href":"https:\/\/gud-zwingenberg.de\/index.php?rest_route=\/wp\/v2\/pages\/181\/revisions\/1467"}],"wp:attachment":[{"href":"https:\/\/gud-zwingenberg.de\/index.php?rest_route=%2Fwp%2Fv2%2Fmedia&parent=181"}],"curies":[{"name":"wp","href":"https:\/\/api.w.org\/{rel}","templated":true}]}}